{"id":42,"date":"2018-01-12T09:12:58","date_gmt":"2018-01-12T09:12:58","guid":{"rendered":"http:\/\/bridge130.qodeinteractive.com\/?page_id=42"},"modified":"2025-12-15T21:31:00","modified_gmt":"2025-12-15T21:31:00","slug":"home","status":"publish","type":"page","link":"https:\/\/karolgoszczynski.pl\/","title":{"rendered":"Home"},"content":{"rendered":"<div class=\"wpb-content-wrapper\"><p>[vc_row css_animation=&#8221;&#8221; row_type=&#8221;row&#8221; use_row_as_full_screen_section=&#8221;no&#8221; type=&#8221;full_width&#8221; angled_section=&#8221;no&#8221; text_align=&#8221;left&#8221; background_image_as_pattern=&#8221;without_pattern&#8221; css=&#8221;.vc_custom_1515768772422{background-color: #0e0e0e !important;}&#8221; z_index=&#8221;&#8221;][vc_column][rev_slider_vc alias=&#8221;home&#8221;][\/vc_column][\/vc_row][vc_row css_animation=&#8221;&#8221; row_type=&#8221;row&#8221; use_row_as_full_screen_section=&#8221;no&#8221; type=&#8221;full_width&#8221; angled_section=&#8221;no&#8221; text_align=&#8221;left&#8221; background_image_as_pattern=&#8221;without_pattern&#8221; css=&#8221;.vc_custom_1515753986447{padding-bottom: 18px !important;}&#8221; z_index=&#8221;&#8221;][vc_column offset=&#8221;vc_col-md-5&#8243;][qode_elements_holder number_of_columns=&#8221;one_column&#8221;][qode_elements_holder_item advanced_animations=&#8221;no&#8221; item_padding=&#8221;5px 0px 140px&#8221; item_padding_600_768=&#8221;5px 0px 30px&#8221; item_padding_480_600=&#8221;5px 0px 30px&#8221; item_padding_480=&#8221;5px 0px 30px&#8221;][vc_column_text css=&#8221;&#8221;]<\/p>\n<h1 style=\"text-align: right;\">O mnie<\/h1>\n<p>[\/vc_column_text][\/qode_elements_holder_item][\/qode_elements_holder][\/vc_column][vc_column offset=&#8221;vc_col-md-1&#8243;][vc_separator type=&#8221;normal&#8221; color=&#8221;#ffffff&#8221; thickness=&#8221;2&#8243;][\/vc_column][vc_column offset=&#8221;vc_col-md-6&#8243;][qode_elements_holder number_of_columns=&#8221;one_column&#8221;][qode_elements_holder_item advanced_animations=&#8221;no&#8221; item_padding=&#8221;0px 0px 117px&#8221; item_padding_600_768=&#8221;40px 0px 0px&#8221; item_padding_480_600=&#8221;40px 0px 0px&#8221; item_padding_480=&#8221;40px 0px 0px&#8221;][vc_column_text css=&#8221;&#8221;]Nazywam si\u0119 Karol Goszczy\u0144ski<\/p>\n<p>Od kilkunastu lat pasjonuj\u0119 si\u0119 hipnoz\u0105 i jej po\u0142\u0105czeniem z psychoterapi\u0105. Praca z umys\u0142em nie\u015bwiadomym daje niesko\u0144czone mo\u017cliwo\u015bci, normalnie niedost\u0119pne dla umys\u0142u \u015bwiadomego.<\/p>\n<p>Zaczyna\u0142em od pomocy swoim bli\u017cszym i dalszym znajomym, obserwuj\u0105c, jak si\u0119 zmieniaj\u0105 i ciesz\u0105 nowym, lepszym \u017cyciem.<\/p>\n<p>Po pewnym czasie pasja przerodzi\u0142a si\u0119 w zaw\u00f3d i z dum\u0105 mog\u0119 obserwowa\u0107 zmian\u0119 ca\u0142kowicie obcych mi os\u00f3b.<\/p>\n<p>Uwielbiam pracowa\u0107 z lud\u017ami, uwalniaj\u0105c ich niesamowity potencja\u0142, kt\u00f3ry maj\u0105 w sobie a nie potrafi\u0105 z niego skorzysta\u0107.[\/vc_column_text][vc_empty_space height=&#8221;29px&#8221;][vc_column_text css=&#8221;&#8221;]<\/p>\n<div class=\"wpb_text_column wpb_content_element \">\n<div class=\"wpb_wrapper\">\n<p>Najwa\u017cniejsz\u0105 kwesti\u0105 jest to, i\u017c w hipnozie i pracy z symbolami mo\u017cemy pracowa\u0107 nad ka\u017cdym nawet najskrytszym Twoim problemem, kt\u00f3rego nie musisz zdradza\u0107 hipnotyzerowi. Natomiast je\u017celi zdecydujesz si\u0119 to zrobi\u0107, to na poziomie \u015bwiadomym mo\u017cemy przej\u015b\u0107 do psychoterapii i wsp\u00f3lnie go przepracowa\u0107.<\/p>\n<p>&nbsp;<\/p>\n<p>Teraz czas na Ciebie. Gotowy?<\/p>\n<\/div>\n<\/div>\n<p>[\/vc_column_text][vc_empty_space height=&#8221;12px&#8221;][vc_empty_space height=&#8221;12px&#8221;]\n\n\t<a href=\"https:\/\/karolgoszczynski.pl\/index.php\/hire\/\" target=\"_self\" style=\"color: #ffffff\" class=\"qode-btn qode-btn-medium qode-btn-simple qode-btn-custom-hover-color qode-btn-icon qode-btn-default-hover\" data-hover-color=\"#b2b2b2\" >\n\t    <span class=\"qode-btn-text\"><\/span><span class=\"qode-button-v2-icon-holder\" style=\"font-size: 60px\" ><i class=\"qodef-icon-linea-icon icon-arrows-slim-right qode-button-v2-icon-holder-inner\" ><\/i><\/span>\t<\/a>\n\n[\/qode_elements_holder_item][\/qode_elements_holder][\/vc_column][\/vc_row][vc_row css_animation=&#8221;&#8221; row_type=&#8221;row&#8221; use_row_as_full_screen_section=&#8221;no&#8221; type=&#8221;grid&#8221; angled_section=&#8221;no&#8221; text_align=&#8221;left&#8221; background_image_as_pattern=&#8221;without_pattern&#8221; z_index=&#8221;&#8221; css=&#8221;.vc_custom_1515753683214{padding-top: 150px !important;background-image: url(http:\/\/bridge130.qodeinteractive.com\/wp-content\/uploads\/2018\/01\/home-background-img-1.png?id=70) !important;background-position: center !important;background-repeat: no-repeat !important;background-size: cover !important;}&#8221;][vc_column offset=&#8221;vc_col-md-4&#8243;][vc_single_image image=&#8221;117&#8243; img_size=&#8221;full&#8221; css=&#8221;&#8221; qode_css_animation=&#8221;&#8221;][vc_empty_space height=&#8221;40px&#8221;][vc_column_text css=&#8221;&#8221;]<\/p>\n<h2>Terapia<\/h2>\n<p>[\/vc_column_text][vc_empty_space height=&#8221;21px&#8221;][vc_column_text css=&#8221;&#8221;]\u2013 zaburzenia osobowo\u015bci<br \/>\n\u2013 zaburzenia nastroju<br \/>\n\u2013 skomplikowane i trudne do\u015bwiadczenia \u017cyciowe,<br \/>\n\u2013 zmiana przekonania o sobie samym i innych<br \/>\n\u2013 choroby psychiczne<br \/>\n\u2013 uzale\u017cnienia<br \/>\n\u2013 depresja<br \/>\n\u2013 napady paniki, l\u0119ki, fobie<br \/>\n\u2013 przewlek\u0142y b\u00f3l<br \/>\n\u2013 zaburzenia osobowo\u015bci<br \/>\n\u2013 relacji rodzinne, ma\u0142\u017ce\u0144skiej<br \/>\n\u2013 my\u015bli samob\u00f3jcze<br \/>\n\u2013 alergie[\/vc_column_text][vc_empty_space height=&#8221;35px&#8221;][vc_empty_space height=&#8221;40px&#8221;][\/vc_column][vc_column offset=&#8221;vc_col-md-4&#8243;][vc_single_image image=&#8221;118&#8243; img_size=&#8221;full&#8221; css=&#8221;&#8221; qode_css_animation=&#8221;&#8221;][vc_empty_space height=&#8221;40px&#8221;][vc_column_text css=&#8221;&#8221;]<\/p>\n<h2>Samorozw\u00f3j<\/h2>\n<p>[\/vc_column_text][vc_empty_space height=&#8221;21px&#8221;][vc_column_text css=&#8221;&#8221;]\u2013 zwi\u0119kszenie motywacji<br \/>\n\u2013 odkrywanie zasob\u00f3w<br \/>\n\u2013 problemy z koncentracj\u0105<br \/>\n\u2013 psychologia sportu[\/vc_column_text][vc_empty_space height=&#8221;35px&#8221;][vc_empty_space height=&#8221;40px&#8221;][\/vc_column][vc_column offset=&#8221;vc_col-md-4&#8243;][vc_single_image image=&#8221;119&#8243; img_size=&#8221;full&#8221; css=&#8221;&#8221; qode_css_animation=&#8221;&#8221;][vc_empty_space height=&#8221;40px&#8221;][vc_column_text css=&#8221;&#8221;]<\/p>\n<h2>Stosuj\u0119<\/h2>\n<p>[\/vc_column_text][vc_empty_space height=&#8221;21px&#8221;][vc_column_text css=&#8221;&#8221;]\u2013 hipnoz\u0119 Miltona Ericsona,<br \/>\n\u2013 j\u0119zyk metafor i symboli Davida J. Grove<br \/>\n\u2013 neurolingwistyk\u0119<br \/>\n\u2013 tradycj\u0105 psychoterapi\u0119[\/vc_column_text][vc_empty_space height=&#8221;35px&#8221;][vc_empty_space height=&#8221;40px&#8221;][\/vc_column][\/vc_row][vc_row css_animation=&#8221;&#8221; row_type=&#8221;row&#8221; use_row_as_full_screen_section=&#8221;no&#8221; type=&#8221;full_width&#8221; angled_section=&#8221;no&#8221; text_align=&#8221;left&#8221; background_image_as_pattern=&#8221;without_pattern&#8221; css=&#8221;.vc_custom_1515756768585{padding-top: 14% !important;padding-bottom: 6px !important;}&#8221; z_index=&#8221;&#8221;][vc_column offset=&#8221;vc_col-md-5&#8243;][qode_elements_holder number_of_columns=&#8221;one_column&#8221;][qode_elements_holder_item advanced_animations=&#8221;no&#8221; item_padding=&#8221;5px 0px 140px&#8221; item_padding_600_768=&#8221;5px 0px 30px&#8221; item_padding_480_600=&#8221;5px 0px 30px&#8221; item_padding_480=&#8221;5px 0px 30px&#8221;][vc_column_text css=&#8221;&#8221;]<\/p>\n<h1 style=\"text-align: right;\">Czym<\/h1>\n<p>[\/vc_column_text][vc_column_text css=&#8221;&#8221;]<\/p>\n<h1 style=\"text-align: right;\">Jest<\/h1>\n<p>[\/vc_column_text][vc_column_text css=&#8221;&#8221;]<\/p>\n<h1 style=\"text-align: right;\">Hipnoza<\/h1>\n<p>[\/vc_column_text][\/qode_elements_holder_item][\/qode_elements_holder][\/vc_column][vc_column offset=&#8221;vc_col-md-1&#8243;][vc_separator type=&#8221;normal&#8221; color=&#8221;#ffffff&#8221; thickness=&#8221;2&#8243;][\/vc_column][vc_column offset=&#8221;vc_col-md-6&#8243;][qode_elements_holder number_of_columns=&#8221;one_column&#8221;][qode_elements_holder_item advanced_animations=&#8221;no&#8221; item_padding=&#8221;0px 0px 117px&#8221; item_padding_600_768=&#8221;40px 0px 0px&#8221; item_padding_480_600=&#8221;40px 0px 0px&#8221; item_padding_480=&#8221;40px 0px 0px&#8221;][vc_column_text css=&#8221;&#8221;]<\/p>\n<div class=\"wpb_text_column wpb_content_element \">\n<div class=\"wpb_wrapper\">\n<p>To stan umys\u0142u, w kt\u00f3rym skupiamy si\u0119 tylko na okre\u015blonych bod\u017acach. Wszystkie wykraczaj\u0105ce poza obszar zogniskowania s\u0105 pomijane.<br \/>\nHipnoza wykorzystywana jest jako jedna z metod terapii<br \/>\nMo\u017ce by\u0107 wykorzystywana mi\u0119dzy innymi w terapii zaburze\u0144 lekowych (nerwice), depresyjnych zw\u0142aszcza, gdzie pod\u0142o\u017cem zaburze\u0144 s\u0105 nieprawid\u0142owo\u015bci osobowo\u015bciowe, traumy, w terapii b\u00f3lu czy uzale\u017cnie\u0144.<\/p>\n<p>&nbsp;<\/p>\n<h2>Bezpiecze\u0144stwo hipnozy<\/h2>\n<p>&nbsp;<\/p>\n<p>Hipnotyzer nie jest w stanie wbrew woli wprowadzi\u0107 inn\u0105 osob\u0119 w stan hipnozy.<\/p>\n<\/div>\n<\/div>\n<div class=\"wpb_text_column wpb_content_element \">\n<div class=\"wpb_wrapper\">\n<p>Nie jest w stanie zmusi\u0107 j\u0105 do post\u0119powania wbrew jej woli.<br \/>\nSk\u0142onienie osoby zahipnotyzowanej do zachowa\u0144 niezgodnych z jej charakterem, moralno\u015bci\u0105, pogl\u0105dami czy te\u017c nie\u015bwiadomymi d\u0105\u017ceniami, sk\u0142onienie takiej osoby do wyrz\u0105dzenia krzywdy sobie samej lub innym, jest niemo\u017cliwe.<\/p>\n<\/div>\n<\/div>\n<p>[\/vc_column_text][vc_empty_space height=&#8221;12px&#8221;][vc_empty_space height=&#8221;12px&#8221;]<a  itemprop=\"url\" href=\"#\" target=\"_self\" data-hover-border-color=\"#b2b2b2\" data-hover-color=\"#ffffff\" class=\"qbutton  default\" style=\"color: #ffffff; \">Spr\u00f3buj teraz<\/a>[\/qode_elements_holder_item][\/qode_elements_holder][\/vc_column][\/vc_row][vc_row css_animation=&#8221;&#8221; row_type=&#8221;row&#8221; use_row_as_full_screen_section=&#8221;no&#8221; type=&#8221;full_width&#8221; angled_section=&#8221;no&#8221; text_align=&#8221;left&#8221; background_image_as_pattern=&#8221;without_pattern&#8221;][vc_column]<div class=\"qode-advanced-call-to-action qode-advanced-cta-gradient qode-advanced-cta-gradient-animation qode-advanced-cta-icon-circle\" style=\"height:110pxpx\">\n\t<a class=\"advanced-cta-link\" href=\"#\" target=\"_self\"><\/a>\n\t<div class=\"qode-advanced-cta-content\">\t\t\n\t    <span class=\"qode-advanced-cta-text-holder\" style=\"font-size:20px;font-weight:600\">\n\t\t    Indukcje ju\u017c dost\u0119pne do pobrania!\t    <\/span>\n\t    <span class=\"qode-advanced-cta-icon-holder\" style=\"font-weight:400;height:45px;width:45px\">\n\t\t    <span class=\"qode-advanced-cta-icon-holder-table\">\n\t\t    \t<span class=\"qode-advanced-cta-icon-holder-cell\" >\n\t\t\t    \t<i class=\"qode_icon_font_awesome fa fa-download qode-advanced-cta-icon\" ><\/i>\t\t\t    <\/span>\n\t\t    <\/span>\n\t\t    \t\t\t    <span class=\"qode-advanced-cta-icon-border\"><\/span>\n\t\t    \t    <\/span>\n\t<\/div>\n\t\t\t<div class=\"qode-advanced-cta-background-holder\">\n\t\t\t<span class=\"qode-advanced-cta-background-1 qode-type1-gradient-left-to-right\"><\/span>\n\t\t\t<span class=\"qode-advanced-cta-background-2 qode-type1-gradient-left-to-right\"><\/span>\n\t\t\t<span class=\"qode-advanced-cta-background-3\"><\/span>\n\t\t<\/div>\n\t<\/div>[\/vc_column][\/vc_row]<\/p>\n<\/div>","protected":false},"excerpt":{"rendered":"<p>[vc_row css_animation=&#8221;&#8221; row_type=&#8221;row&#8221; use_row_as_full_screen_section=&#8221;no&#8221; type=&#8221;full_width&#8221; angled_section=&#8221;no&#8221; text_align=&#8221;left&#8221; background_image_as_pattern=&#8221;without_pattern&#8221; css=&#8221;.vc_custom_1515768772422{background-color: #0e0e0e !important;}&#8221; z_index=&#8221;&#8221;][vc_column][rev_slider_vc alias=&#8221;home&#8221;][\/vc_column][\/vc_row][vc_row css_animation=&#8221;&#8221; row_type=&#8221;row&#8221; use_row_as_full_screen_section=&#8221;no&#8221; type=&#8221;full_width&#8221; angled_section=&#8221;no&#8221; text_align=&#8221;left&#8221; background_image_as_pattern=&#8221;without_pattern&#8221; css=&#8221;.vc_custom_1515753986447{padding-bottom: 18px !important;}&#8221; z_index=&#8221;&#8221;][vc_column offset=&#8221;vc_col-md-5&#8243;][qode_elements_holder number_of_columns=&#8221;one_column&#8221;][qode_elements_holder_item advanced_animations=&#8221;no&#8221; item_padding=&#8221;5px 0px 140px&#8221; item_padding_600_768=&#8221;5px 0px 30px&#8221; item_padding_480_600=&#8221;5px 0px 30px&#8221; item_padding_480=&#8221;5px 0px 30px&#8221;][vc_column_text css=&#8221;&#8221;] O mnie [\/vc_column_text][\/qode_elements_holder_item][\/qode_elements_holder][\/vc_column][vc_column offset=&#8221;vc_col-md-1&#8243;][vc_separator type=&#8221;normal&#8221;&#8230;<\/p>\n","protected":false},"author":1,"featured_media":0,"parent":0,"menu_order":0,"comment_status":"closed","ping_status":"closed","template":"","meta":{"footnotes":""},"class_list":["post-42","page","type-page","status-publish","hentry"],"_links":{"self":[{"href":"https:\/\/karolgoszczynski.pl\/index.php\/wp-json\/wp\/v2\/pages\/42","targetHints":{"allow":["GET"]}}],"collection":[{"href":"https:\/\/karolgoszczynski.pl\/index.php\/wp-json\/wp\/v2\/pages"}],"about":[{"href":"https:\/\/karolgoszczynski.pl\/index.php\/wp-json\/wp\/v2\/types\/page"}],"author":[{"embeddable":true,"href":"https:\/\/karolgoszczynski.pl\/index.php\/wp-json\/wp\/v2\/users\/1"}],"replies":[{"embeddable":true,"href":"https:\/\/karolgoszczynski.pl\/index.php\/wp-json\/wp\/v2\/comments?post=42"}],"version-history":[{"count":30,"href":"https:\/\/karolgoszczynski.pl\/index.php\/wp-json\/wp\/v2\/pages\/42\/revisions"}],"predecessor-version":[{"id":197,"href":"https:\/\/karolgoszczynski.pl\/index.php\/wp-json\/wp\/v2\/pages\/42\/revisions\/197"}],"wp:attachment":[{"href":"https:\/\/karolgoszczynski.pl\/index.php\/wp-json\/wp\/v2\/media?parent=42"}],"curies":[{"name":"wp","href":"https:\/\/api.w.org\/{rel}","templated":true}]}}